{"id":642,"date":"2023-04-28T22:01:23","date_gmt":"2023-04-28T22:01:23","guid":{"rendered":"https:\/\/instal-remont.pl\/?page_id=642"},"modified":"2023-04-28T22:01:23","modified_gmt":"2023-04-28T22:01:23","slug":"cennik","status":"publish","type":"page","link":"https:\/\/rodeko.pl\/?page_id=642","title":{"rendered":"CENNIK"},"content":{"rendered":"\n<p>PRZYK\u0141ADOWY CENNIK NASZYCH US\u0141UG PONI\u017bEJ , CENY S\u0104 JEDYNIE ORIENTACYJNE  , AKTUALNE CENY WYSY\u0141AM Z WYCEN\u0104\/KOSZTORYSEM<\/p>\n\n\n\n<p>Ogrzewanie:<br>Monta\u017c elektrycznego kot\u0142a<br>Monta\u017c gazowego kotta &#8211; 2 funkcyjny<br>Monta\u017c gazowego kot\u0142a \u2014 1 funkcyjny bez zasobnika<br>Monta\u017c gazowego kot\u0142a \u2014 1funkcyjny z zasobnikiem<br>Monta\u017c pompy ciep\u0142a, monoblok<br>Monta\u017c pompy ciep\u0142a, monoblok z zasobnikiem<br>Monta\u017c pompy ciep\u0142a, monoblok z zasobnikiem i akcesoriami<br>Demonta\u017c kot\u0142a elektrycznego<br>Demonta\u017c kot\u0142a gazowego bez zasobnika<br>Demonta\u017c kot\u0142a gazowego z zasobnikiem<br>Monta\u017c podgrzewacza przep\u0142ywowego CWU gazowego<br>Monta\u017c ogrzewacza CWU elektrycznego pojemno\u015bciowego powy\u017cej<br>Monta\u017c podgrzewacza CWU elektrycznego pojemno\u015bciowego do<br>Monta\u017c podgrzewacza wody CWU elektrycznego tr\u00f3jfazowego<br>Monta\u017c ogrzewacza CWU elektrycznego jednofazowego podblatowego<br>Monta\u017c podgrzewacza przep\u0142ywowego CWU elektrycznego jednofazowego nabiatowego<br>Demonta\u017c podgrzewacza CWU gazowego<br>Demonta\u017c podgrzewacza CWU elektrycznego<br>Monta\u017c stacji zmi\u0119kczacza wody<br>Monta\u017c systemu osmozy fiitracji wody z bateri\u0105<br>Monta\u017c filtra pod zlewozmywakowanego z bateri\u0105<br>Monta\u017c baterii z firltrem pod zlewozmywakowym<br>Monta\u017c narurowego korpusu filtra<br>Monta\u017c narurowego filtra wst\u0119pnego<br>Monta\u017c wewn\u0119trznego sterownika ogrzewania<br>Monta\u017c \u017cewn\u0119trznego sterownika ogrzewania<br>Prowadzenie instalacji gazowej<br>Prowadzenie instalacji hydraulicznej<br>Monta\u017c podlicznika wody Monta\u017c pompy obiegowej<br>Monta\u017c zbiornika wyr\u00f3wnawczego<br>Monta\u017c wk\u0142adu kominowego<br>Monta\u017c odprowadzenia spalin przez \u015bcian\u0119<br>Monta\u017c reduktora ci\u015bnienia wody<br>Wymiana anody magnezowej<br><br>Monta\u017c:<br>Monta\u017c baterii kuchennej<br>Monta\u017c zaworu<br>Monta\u017c zlewozmywaka kuchennego<br>Monta\u017c lod\u00f3wki do zabudowy<br>Prze\u0142o\u017cenie zawias\u00f3w w lod\u00f3wce<br>Monta\u017c okapu podszafkowego<br>Monta\u017c okapu wolnowisz\u0105cego<br>Monta\u017c kuchenki elektrycznej z piekarnikiem<br>Monta\u017c kuchenki gazowej z piekarnikiem<br>Monta\u017c p\u0142yty gazowej do zabudowy |<br>Monta\u017c p\u0142yty indukcyjnej\/ceramicznej do zabudowy<br>Monta\u017c piekarnika do zabudowy<br>Monta\u017c zmywarki do zabudowy<br>Monta\u017c zmywarki wolnostoj\u0105cej<br>Monta\u017c mikrofal\u00f3wki do zabudowy<br>Monta\u017c pralki do zabudowy<br>Monta\u017c pralki wolnostoj\u0105cej<br>Monta\u017c okapu blatowego<br>Monta\u017c rozdrabniacza kuchennego<br><br>Monta\u017c:<br>Monta\u017c baterii kuchennej<br>Monta\u017c zlewozmywaka kuchennego<br>Monta\u017c lod\u00f3wki do zabudowy<br>Monta\u017c lod\u00f3wki z pod\u0142\u0105czeniem hydraulicznym<br>Monta\u017c okapu podszafkowego<br>Monta\u017c okapu wolnowisz\u0105cego<br>Monta\u017c kuchenki elektrycznej z piekarnikiem<br>Monta\u017c kuchenki gazowej z piekarnikiem<br>Monta\u017c p\u0142yty gazowej do zabudowy |<br>Monta\u017c p\u0142yty indukcyjnej\/ceramicznej do zabudowy<br>Monta\u017c piekarnika do zabudowy<br>Monta\u017c zmywarki do zabudowy<br>Monta\u017c zmywarki wolnostoj\u0105cej<br>Monta\u017c mikrofat\u00f3wki do zabudowy<br>Monta\u017c pralki do zabudowy<br>Monta\u017c pralki wolnostoj\u0105cej<br>Monta\u017c okapu blatowego<br>Monta\u017c rozdrabniacza kuchennego<br><br>Panele dekoracyjne:<br>Monta\u017c panelu kuchennego laminowanego<br>Monta\u017c panelu dekoracyjnego szklanego do 2 m &#8211; za ka\u017cdy metr<br>Monta\u017c panelu dekoracyjnego szklanego &#8211; ka\u017cdy kolejny m<br>Demonta\u017c starej kuchni stanowi suma 40% warto\u015bci monta\u017cu nowych mebli oraz sprz\u0119tu AGD.<br>Systemy przechowywania:<br>Monta\u017c elementu nieruchomego<br>Monta\u017c elementu ruchomego Monta\u017c szyny pionowej<br>Monta\u017c szyny poziomej<br>Demonta\u017c stanowi 40% warto\u015bci monta\u017cu nowego systemu przechowywania &#8220;<br><br>Monta\u017c \u0142azienki:<br>Kabiny, wanny oraz armatura \u0142azienkowa:<br>Monta\u017c kabiny oraz brodzika<br>Monta\u017c kabiny kompletnej natryskowej<br>Monta\u017c kabiny kompletnej z hydrornasa\u017cem<br>Monta\u017c brodzika prysznicowego<br>Monta\u017c odp\u0142ywu liniowego (z posadzk\u0105)<br>Monta\u017c drzwi lub os\u0142ony natryskowej<br>Monta\u017c wanny z obudow\u0105<br>Monta\u017c prostok\u0105tnej wanny z zabudow\u0105<br>Monta\u017c wanny z hydromasa\u017cem<br>Monta\u017c parawanu nawannowego<br>Monta\u017c baterii podtynkowej &#8211; \u015bciana tradycyjna<br>Monta\u017c baterii podtynkowej &#8211; \u015bciana \u017celbet<br>Monta\u017c zestawu podtynkowego &#8211; \u015bciana tradycyjna<br>Monta\u017c zestawu podtynkowego &#8211; \u015bciana \u017celbet<br>Monta\u017c zestawu podtynkowego bez kucia (zabudowa)<br>Monta\u017c punktu hydraulicznego<br>Monta\u017c baterii \u0142azienkowej<br>Monta\u017c baterii i zestawu natryskowego<br>Monta\u017c panelu lub kolumny prysznicowej<br>Meble i wyposa\u017cenie \u0142azienki:<br>Monta\u017c szafki \u0142azienkowej (bez o\u015bwietlenia)<br>Monta\u017c szafki \u0142azienkowej z o\u015bwietleniem (komplet)<br>Monta\u017c blatu Monta\u017c blatu \u0142azienkowego<br>Monta\u017c lustra z o\u015bwietleniem (komplet)<br>Wktejenie tustra w \u015bcian\u0119<br>Monta\u017c grzejnika<br>Monta\u017c wentylatora elektrycznego<br>Monta\u017c akcesori\u00f3w \u0142azienkowych<br><br>Ceramika \u0142azienkowa:<br>Monta\u017c umywalki do \u015bciany<br>Monta\u017c umywalki z szafk\u0105 (komplet)<br>Monta\u017c szafki z umywatk\u0105 nablatow\u0105 (z blatem) WC kompakt Pisuar Bidet WC podtynkowy Pisuar Bidet<br>Monta\u017c bez zabudowy :<br>WC kompakt<br>Pisuar<br>Bidet<br>Monta\u017c z zabudow\u0105 oraz stela\u017cem:<br>WC podtynkowy<br>Pisuar<br>Bidet<br>Monta\u017c p\u0142ytek oraz kamienia dekoracyjnego:<br>Uk\u0142adanie proste glazury poni\u017cej 60 cm<br>Uk\u0142adanie proste glazury od 60 cm<br>Wyci\u0119cie otworu w glazurze<br>Uk\u0142adanie proste gres poni\u017cej 62 cm<br>Uk\u0142adanie gresu od 62 cm do 160 cm (w\u0142\u0105cznie)<br>Uk\u0142adanie gresu powy\u017cej 160 cm Monta\u017c listwy dekoracyjnej (glazura)<br>Uk\u0142adanie proste mozaiki<br>Uk\u0142adanie proste kamienia z gipsu lub betonu<br>Uk\u0142adanie proste kamienia naturalnego<br>Wyci\u0119cie otworu &#8211; inny materia\u0142<br>Wyci\u0119cie otworu w gresie powy\u017cej 160 cm<br>Wykonanie p\u00f3\u0142ki z K-G<br>Uk\u0142adanie glazury na p\u00f3\u0142ce oraz wn\u0119ce wykonanej z K-G<br>Uk\u0142adanie gresu do 160 cm na p\u00f3\u0142ce oraz wn\u0119ce wykonanej z K-G<br>Uk\u0142adanie gresu powy\u017cej 160 cm na p\u00f3\u0142ce oraz wn\u0119ce wykonanej z K-G<br>Uk\u0142adanie kamienia beton\/gips na p\u00f3\u0142ce lub wn\u0119ce wykonanej z K-G<br>Uk\u0142adanie kamienia naturalnego na p\u00f3\u0142ce lub wn\u0119ce wykonanej z K-G<br>Uk\u0142adanie listwy na p\u00f3\u0142ce oraz wn\u0119ce wykonanej z k-G<br>Uk\u0142adanie mozaiki na p\u00f3\u0142ce oraz wn\u0119ce wykonanej z K-G<br>Wykonanie hydroizolacji foli\u0105 w p\u0142ynie<br>Wykonanie hydroizolacji ta\u015bm\u0105 uszczelniaj\u0105c\u0105<br><br>Wykonanie g\u0142adzi oraz malowanie:<br>Dwukrotne wykonanie g\u0142adzi gipsowej<br>Kompleksowe malowanie na bia\u0142o<br>Kompleksowe malowanie na kolor<br>Kompleksowe przemalowanie<br>kompleksowe nak\u0142adanie farby strukturalnej<br>Kompleksowe nak\u0142adanie tynku struktura\u0142nego<br>Nak\u0142adanie lakieru<br>Kompleksowe nak\u0142adanie farby tablicowej\/magnetycznej<br>Nak\u0142adanie dekoratorskich produkt\u00f3w uzupe\u0142niaj\u0105cych<br>Kompleksowe malowanie szablonu malarskiego efektem dekoratorskim<br>Komp\u0142eksowe malowanie szablonu malarskiego farb\u0105 do szablon\u00f3w<br><br>Tapetowanie:<br>Monta\u017c bez dopasowania wzoru:<br>Monta\u017c tapety g\u0142adkiej winylowej na fizelinie<br>Monta\u017c tapety papierowej g\u0142adkiej<br>Monta\u017c z dopasowaniem wzoru:<br>Monta\u017c tapety we wzory winylowej na fizelinie<br>Monta\u017c tapety papierowej we wzory<br>Monta\u017c tapety w dw\u00f3ch rodzajach g\u0142adkiej i we wzory<br>Monta\u017c tapety 2 w\u0142\u00f3kna szklanego<br>Monta\u017c bordiury<br>Monta\u017c fototapety winylowej na flizelinie<br>Monta\u017c fototapety papierowej<br>Monta\u017c tapety panoramicznej winylowej na flizelinie<br>Monta\u017c tapety panoramicznej papierowej<br><br>Monta\u017c domowej elektryki:<br>Monta\u017c sterownika ogrzewania pod\u0142ogowego<br>U\u0142o\u017cenie i zatopienie maty grzewczej<br>Monta\u017c punktu o\u015bwietleniowego<br>Monta\u017c paska\/ta\u015bmy LED<br>Monta\u017c osprz\u0119tu elektrycznego<br><br>Monta\u017c drzwi:<br>Monta\u017c drzwi wewn\u0119trznych<br>Monta\u017c drzwi wewn\u0119trznych na starej o\u015bcie\u017cnicy<br>Monta\u017c drzwi wewn\u0119trznych na o\u015bcie\u017cnicy nak\u0142adkowej<br>Monta\u017c drzwi przesuwnych na\u015bciennych jednoskrzyd\u0142owych<br>Monta\u017c o\u015bcie\u017cnicy do drzwi przesuwnych na\u015bciennych jednoskrzyd\u0142owych<br>Monta\u017c drzwi zewn\u0119trznych<br>Monta\u017c drzwi zewn\u0119trznych &#8211; ciep\u0142y monta\u017c<br>Demonta\u017c drzwi zewn\u0119trznych<br>Demonta\u017c o\u015bcie\u017cnicy metalowej<br>Demonta\u017c o\u015bcie\u017cnicy drewnianej<br>Zmiana rozmiaru otworu drzwiowego<br>Wyci\u0119cie otwor\u00f3w wentylacyjnych<br>Obr\u00f3bka otworu po monta\u017cu<br>Monta\u017c wizjera\/wizjera cyfrowego<br>Monta\u017c drzwi z ukryt\u0105 o\u015bcie\u017cnic\u0105<br>Monta\u017c drzwi technicznych<br>Monta\u017c drzwi przeciwpo\u017carowych<br>Monta\u017c drzwi przesuwnych na kasecie .<br>Monta\u017c drzwi harmonijkowych .<br>Monta\u017c drzwi szklanych .<br>Przygotowanie otworu drzwi &#8211; ciep\u0142y monta\u017c<br>Pakiet monta\u017c drzwi wewn\u0119trznych 2-3 szt.<br>Pakiet monta\u017c drzwi wewn\u0119trznych powy\u017cej 3 szt.<br>Wymiana zamkni\u0119cia nawierzchniowego &#8211; drzwi drewniane<br>Wymiana zamkni\u0119cia nawierzchniowego &#8211; drzwi metalowe<br>Monta\u017c pod\u0142\u00f3g drewnianych i drewnopodobnych:<br>Monta\u017c paneli (pod\u0142oga p\u0142ywaj\u0105ca)<br>Monta\u017c paneli winytowych (pod\u0142oga p\u0142ywaj\u0105ca)<br>Monta\u017c paneli winytowych (na klej)<br>Monta\u017c parkietu surowego<br>Monta\u017c deski warstwowej (pod\u0142oga p\u0142ywaj\u0105ca)<br>Monta\u017c deski warstwowej litej finish na klej<br>Monta\u017c deski litej<br><br>Monta\u017c listwy plastikowej<br>Monta\u017c listwy drewnianej lub MDF<br>Monta\u017c listwy dylatacyjnej<br>Monta\u017c pas\u00f3wki Frezowanie powierzchni<br>Wylewka samopoziomuj\u0105ca<br>Demonta\u017c paneli\/deski p\u0142ywaj\u0105cej<br>Demonta\u017c pod\u0142\u00f3g klejonych<br>Monta\u017c parkietu\/deski finish (wz\u00f3r jod\u0142a)<br>Monta\u017c paneli winylowych &#8211; wz\u00f3r jod\u0142a klasyczna (pod\u0142oga p\u0142ywaj\u0105ca)<br>Monta\u017c paneli winylowych &#8211; wz\u00f3r jod\u0142a klasyczna (na klej)<br>Wymiana deski klej Szlifowanie pod\u0142o\u017ca<br>P\u0142yty karton-gips Suchy tynk do 3 m wysoko\u015bci<br>Suchy tynk powy\u017cej 3 m wysoko\u015bci<br>Zabudowa prostoliniowa \u015bcian do 3 m wys. od pod\u0142ogi do sufitu<br>Zabudowa \u0142ukowa \u015bcian do 3 m wys. od pod\u0142ogi do sufitu<br>Zabudowa prostoliniowa \u015bcian powy\u017cej 3 m wys. od pod\u0142ogi do sufitu<br>Zabudowa \u0142ukowa \u015bcian powy\u017cej 3 m wys. od pod\u0142ogi do sufitu<br>Cz\u0119\u015bciowa zabudowa \u015bciany prostoliniowej<br>Cz\u0119\u015bciowa zabudowa \u015bciany \u0142ukowej<br>Zabudowa \u015bcian z widocznymi rurami\/instalacjami wodno-kanalizacyjnymi do 3 m wys.<br>Zabudowa \u015bciany z widocznymi rurami\/instalacjami wodno-kanalizacyjnymi powy\u017cej 3 m wys.<br>Postawienie prostoliniowej \u015bcianki dzia\u0142owej do 3 m wys. od pod\u0142ogi do sufitu<br>Postawienie \u0142ukowej \u015bcianki dzia\u0142owej do 3 m wys. od pod\u0142ogi do sufitu<br>Postawienie prostoliniowej \u015bcianki dzia\u0142owej powy\u017cej 3 m wys. od pod\u0142ogi do sufitu<br>Postawienie \u0142ukowej \u015bcianki dzia\u0142owej powy\u017cej 3 m wys. od pod\u0142ogi do sufitu<br>Postawienie grodzi prostoliniowej do 3 m wys.<br>Postawienie grodzi \u0142ukowej do 3 m wys.<br>P\u0142yty karton-gips:<br>Zabudowa\/postawienie \u015bcianki\/grodzi dzia\u0142owej o zarysie krzywoliniowym (roboczogodzina)<br>Wykonanie wn\u0119ki prostoliniowej<br>Wykonanie wn\u0119ki \u0142ukowej<br>Monta\u017c sufitu jednopoziomowego na stela\u017cu jednokierunkowym<br>Monta\u017c sufitu jednopoziomowego na stela\u017cu krzy\u017cowym<br>Monta\u017c prostotiniowego sufitu dwupoziomowego<br>Monta\u017c \u0142ukowego sufitu dwupoziomowego<br>Monta\u017c sufitu kasetonowego Zabudowa sufitu krzywoliniowego lub wielopoziomowego (roboczogodzina)<br>Monta\u017c zabudowy poddasza z ociepleniem<br>Monta\u017c zabudowy poddasza bez ocieplenia<br>Monta\u017c ocieplenia poddasza<br>Monta\u017c zabudowy wn\u0119ki okna dachowego\/wy\u0142azu<br>Monta\u017c zabudowy wn\u0119ki okna lukarnowego<br>Dodatkowe poszycie z p\u0142yt K-G\/OSB<br>Wype\u0142nienie stela\u017ca we\u0142na\/styropianem\/pianka<br>Wykonanie dodatkowego stela\u017ca do zabudowy<br>Wyko\u0144czenie p\u0142yt K-G do poziomu Q3\/Q4<br>Wykonanie stela\u017ca pod drzwi<br><br>Monta\u017c pompy ciep\u0142a &#8211; monoblok, dodatki:<br>Monta\u017c jednostki wewn\u0119trznej powy\u017cej 2,5 m do 5 m<br>Podpora pod jednostk\u0119 zewn\u0119trzn\u0105: _<br>\u015bcienna<br>pod\u0142ogowa, dachow\u0105 prosta<br>dachowa poziomowana<br>Monta\u017c jednostki zewn\u0119trznej powy\u017cej 2,5 m do 5m<br>Doprowadzenie z istniej\u0105cej instalacji elektrycznej zasilania urz\u0105dzenia powy\u017cej 2 m<br>Dodatkowy przewiert w \u015bcianie niezbrojonej do 40 cm<br>Pog\u0142\u0119bienie przewiertu w \u015bcianie niezbrojonej powy\u017cej 40 cm<br>Dodatkowy przewiert w \u015bcianie zbrojonej do 40 cm<br>Pog\u0142\u0119bienie przewiertu w \u015bcianie zbrojonej powy\u017cej 40 cm<br>Wprowadzenie instalacji skroplin powy\u017cej 2 m<br>Monta\u017c pompki skroplin<br>Po\u0142\u0105czenie jednostki\/jednostek wewn\u0119trznej i zewn\u0119trznej przewodem steruj\u0105cym powy\u017cej zakresu<br>Po\u0142\u0105czenie jednostki\/jednostek wewn\u0119trznej i zewn\u0119trznej instalacj\u0105 powy\u017cej zakresu <br>Monta\u017c korytek w celu zabudowania instalacji , elektrycznej isterowania<br>Wykonanie pr\u00f3\u017cni w instalacji i uzupe\u0142nienie instalacji czynnikiem ch\u0142odniczym powy\u017cej 100g<br><br>Konsultacje i Pomiary:<br>Konsultacja przed monta\u017cem drzwi<br>Konsultacja przed monta\u017cem grzejnika<br>Konsultacja przed monta\u017cem klimatyzacji<br>Konsultacja przed monta\u017cem kot\u0142\u00f3w<br>Konsultacja przed monta\u017cem \u0142azienki bez zabudowy oraz pod\u0142\u0105czenia elektrycznego<br>Konsultacja przed monta\u017cem \u0142azienki bez zabudowy oraz z pod\u0142\u0105czeniem etektrycznym<br>Konsultacja przed monta\u017cem o\u015bwietlenia oraz osprz\u0119tu elektrycznego<br>Konsultacja przed monta\u017cem p\u0142ytek, kamienia i lustra<br>Konsultacja przed monta\u017cem podgrzewacza wody<br>Konsultacja przed monta\u017cem pod\u0142ogi drewnianej<br>Konsultacja przed monta\u017cem pomp ciep\u0142a<br>Konsultacja przed tapetowaniem, malowaniem i po\u0142o\u017ceniem g\u0142adzi<br>Pomiar przed monta\u017cem elektrycznego ogrzewania pod\u0142ogowego<br>Pomiar przed monta\u017cem kuchni bez instalacji gazowej<br>Pomiar przed monta\u017cem kuchni z instalacj\u0105 gazow\u0105<br>Pomiar przed monta\u017cem \u0142azienki bez zabudowy<br>Pomiar przed monta\u017cem \u0142azienki z zabudow\u0105<br>Pomiar przed monta\u017cem okien.<br>Pomiar przed monta\u017cem p\u0142yt K-G z malowaniem lub tapetowaniem<br>Pomiar przed monta\u017cem p\u0142yt K-G z p\u0142ytkami lub kamieniem<br>Pomiar przed monta\u017cem system\u00f3w przechowywania i garderoby ELFA<br><br>Kuchnia:<br>Monta\u017c mebli kuchennych:<br>Monta\u017c szafki kuchennej z blatem oraz bez wyposa\u017cenia<br>Monta\u017c szafki kuchennej z blatem oraz wyposa\u017ceniem<br>Monta\u017c setu kuchennego do 6 szafek w zestawie<br>Monta\u017c setu kuchennego 7 lub 8 szafek w zestawie<br>Monta\u017c uzupe\u0142niaj\u0105cego mebla do setu kuchennego<br>Monta\u017c p\u00f3\u0142ki metalowej<br>Monta\u017c rega\u0142u metalowego<br>Monta\u017c szafki z rolet\u0105<br>Monta\u017c konstrukcji ze zmywark\u0105 w wysokiej zabudowie<br>Zmiana g\u0142\u0119boko\u015bci korpusu przez wykonawc\u0119<br>Monta\u017c podno\u015bnika freeslide lub freefold<br>Monta\u017c niestandardowego elementu rnaskuj\u0105cego<br>Monta\u017c punktu o\u015bwietleniowego Monta\u017c paska\/ta\u015bmy LED<br>Monta\u017c gniazdka, w\u0142\u0105cznika, itp.<br>Monta\u017c blatu oraz \u0142\u0105czenie blat\u00f3w:<br>Monta\u017c blatu (poza obrysem mebli kuchennych)<br>Wpasowanie blatu drewnianego\/laminowanego w parapet<br>\u0141\u0105czenie blat\u00f3w prostych \u015brubami rzymskimi<br>\u0141\u0105czenie blat\u00f3w z zaobleniem \u015brubami rzymskimi<br>Do\u0142\u0105czenie dodatkowego blatu (koszt jednej \u015bruby)<br>Wyci\u0119cie otworu w drewnie\/laminacie przez wykonawc\u0119<br>Olejowanie dwukrotne blatu<br>Monta\u017c gniazda blatowego (z wyci\u0119ciem otworu)<br>Monta\u017c blatu kompaktowego<br>\u0141\u0105czenie blat\u00f3w kompaktowych<br>Wyci\u0119cie otworu w blacie kompaktowym<br>Wpasowanie blatu kompaktowego w parapet<\/p>\n","protected":false},"excerpt":{"rendered":"<p>PRZYK\u0141ADOWY CENNIK NASZYCH US\u0141UG PONI\u017bEJ , CENY S\u0104 JEDYNIE ORIENTACYJNE , AKTUALNE CENY WYSY\u0141AM Z WYCEN\u0104\/KOSZTORYSEM Ogrzewanie:Monta\u017c elektrycznego kot\u0142aMonta\u017c gazowego kotta &#8211; 2 funkcyjnyMonta\u017c gazowego kot\u0142a \u2014 1 funkcyjny bez zasobnikaMonta\u017c gazowego kot\u0142a \u2014 1funkcyjny z zasobnikiemMonta\u017c pompy ciep\u0142a, monoblokMonta\u017c pompy ciep\u0142a, monoblok z zasobnikiemMonta\u017c pompy ciep\u0142a, monoblok z zasobnikiem i akcesoriamiDemonta\u017c kot\u0142a elektrycznegoDemonta\u017c kot\u0142a &hellip; <a href=\"https:\/\/rodeko.pl\/?page_id=642\" class=\"more-link\">Continue reading <span class=\"screen-reader-text\">CENNIK<\/span> <span class=\"meta-nav\">&rarr;<\/span><\/a><\/p>\n","protected":false},"author":2,"featured_media":0,"parent":0,"menu_order":0,"comment_status":"closed","ping_status":"closed","template":"","meta":{"footnotes":""},"class_list":["post-642","page","type-page","status-publish","hentry"],"yoast_head":"<!-- This site is optimized with the Yoast SEO plugin v24.5 - https:\/\/yoast.com\/wordpress\/plugins\/seo\/ -->\n<title>CENNIK - rodeko.pl<\/title>\n<meta name=\"robots\" content=\"index, follow, max-snippet:-1, max-image-preview:large, max-video-preview:-1\" \/>\n<link rel=\"canonical\" href=\"https:\/\/rodeko.pl\/?page_id=642\" \/>\n<meta property=\"og:locale\" content=\"en_US\" \/>\n<meta property=\"og:type\" content=\"article\" \/>\n<meta property=\"og:title\" content=\"CENNIK - rodeko.pl\" \/>\n<meta property=\"og:description\" content=\"PRZYK\u0141ADOWY CENNIK NASZYCH US\u0141UG PONI\u017bEJ , CENY S\u0104 JEDYNIE ORIENTACYJNE , AKTUALNE CENY WYSY\u0141AM Z WYCEN\u0104\/KOSZTORYSEM Ogrzewanie:Monta\u017c elektrycznego kot\u0142aMonta\u017c gazowego kotta &#8211; 2 funkcyjnyMonta\u017c gazowego kot\u0142a \u2014 1 funkcyjny bez zasobnikaMonta\u017c gazowego kot\u0142a \u2014 1funkcyjny z zasobnikiemMonta\u017c pompy ciep\u0142a, monoblokMonta\u017c pompy ciep\u0142a, monoblok z zasobnikiemMonta\u017c pompy ciep\u0142a, monoblok z zasobnikiem i akcesoriamiDemonta\u017c kot\u0142a elektrycznegoDemonta\u017c kot\u0142a &hellip; Continue reading CENNIK &rarr;\" \/>\n<meta property=\"og:url\" content=\"https:\/\/rodeko.pl\/?page_id=642\" \/>\n<meta property=\"og:site_name\" content=\"rodeko.pl\" \/>\n<meta property=\"article:publisher\" content=\"https:\/\/www.facebook.com\/profile.php?id=100092443299246\" \/>\n<meta name=\"twitter:card\" content=\"summary_large_image\" \/>\n<meta name=\"twitter:label1\" content=\"Est. reading time\" \/>\n\t<meta name=\"twitter:data1\" content=\"9 minutes\" \/>\n<script type=\"application\/ld+json\" class=\"yoast-schema-graph\">{\"@context\":\"https:\/\/schema.org\",\"@graph\":[{\"@type\":\"WebPage\",\"@id\":\"https:\/\/rodeko.pl\/?page_id=642\",\"url\":\"https:\/\/rodeko.pl\/?page_id=642\",\"name\":\"CENNIK - rodeko.pl\",\"isPartOf\":{\"@id\":\"https:\/\/rodeko.pl\/#website\"},\"datePublished\":\"2023-04-28T22:01:23+00:00\",\"breadcrumb\":{\"@id\":\"https:\/\/rodeko.pl\/?page_id=642#breadcrumb\"},\"inLanguage\":\"en-US\",\"potentialAction\":[{\"@type\":\"ReadAction\",\"target\":[\"https:\/\/rodeko.pl\/?page_id=642\"]}]},{\"@type\":\"BreadcrumbList\",\"@id\":\"https:\/\/rodeko.pl\/?page_id=642#breadcrumb\",\"itemListElement\":[{\"@type\":\"ListItem\",\"position\":1,\"name\":\"Strona g\u0142\u00f3wna\",\"item\":\"https:\/\/rodeko.pl\/\"},{\"@type\":\"ListItem\",\"position\":2,\"name\":\"CENNIK\"}]},{\"@type\":\"WebSite\",\"@id\":\"https:\/\/rodeko.pl\/#website\",\"url\":\"https:\/\/rodeko.pl\/\",\"name\":\"rodeko.pl\",\"description\":\"pompy ciep\u0142a I wyko\u0144czenia I remonty I hydraulika I elektryka I kurs krawiecki\",\"publisher\":{\"@id\":\"https:\/\/rodeko.pl\/#organization\"},\"potentialAction\":[{\"@type\":\"SearchAction\",\"target\":{\"@type\":\"EntryPoint\",\"urlTemplate\":\"https:\/\/rodeko.pl\/?s={search_term_string}\"},\"query-input\":{\"@type\":\"PropertyValueSpecification\",\"valueRequired\":true,\"valueName\":\"search_term_string\"}}],\"inLanguage\":\"en-US\"},{\"@type\":\"Organization\",\"@id\":\"https:\/\/rodeko.pl\/#organization\",\"name\":\"rodeko.pl\",\"url\":\"https:\/\/rodeko.pl\/\",\"logo\":{\"@type\":\"ImageObject\",\"inLanguage\":\"en-US\",\"@id\":\"https:\/\/rodeko.pl\/#\/schema\/logo\/image\/\",\"url\":\"http:\/\/rodeko.pl\/wp-content\/uploads\/2023\/05\/IMG_20211229_223701_HDR-Copy.jpg\",\"contentUrl\":\"http:\/\/rodeko.pl\/wp-content\/uploads\/2023\/05\/IMG_20211229_223701_HDR-Copy.jpg\",\"width\":1024,\"height\":768,\"caption\":\"rodeko.pl\"},\"image\":{\"@id\":\"https:\/\/rodeko.pl\/#\/schema\/logo\/image\/\"},\"sameAs\":[\"https:\/\/www.facebook.com\/profile.php?id=100092443299246\"]}]}<\/script>\n<!-- \/ Yoast SEO plugin. -->","yoast_head_json":{"title":"CENNIK - rodeko.pl","robots":{"index":"index","follow":"follow","max-snippet":"max-snippet:-1","max-image-preview":"max-image-preview:large","max-video-preview":"max-video-preview:-1"},"canonical":"https:\/\/rodeko.pl\/?page_id=642","og_locale":"en_US","og_type":"article","og_title":"CENNIK - rodeko.pl","og_description":"PRZYK\u0141ADOWY CENNIK NASZYCH US\u0141UG PONI\u017bEJ , CENY S\u0104 JEDYNIE ORIENTACYJNE , AKTUALNE CENY WYSY\u0141AM Z WYCEN\u0104\/KOSZTORYSEM Ogrzewanie:Monta\u017c elektrycznego kot\u0142aMonta\u017c gazowego kotta &#8211; 2 funkcyjnyMonta\u017c gazowego kot\u0142a \u2014 1 funkcyjny bez zasobnikaMonta\u017c gazowego kot\u0142a \u2014 1funkcyjny z zasobnikiemMonta\u017c pompy ciep\u0142a, monoblokMonta\u017c pompy ciep\u0142a, monoblok z zasobnikiemMonta\u017c pompy ciep\u0142a, monoblok z zasobnikiem i akcesoriamiDemonta\u017c kot\u0142a elektrycznegoDemonta\u017c kot\u0142a &hellip; Continue reading CENNIK &rarr;","og_url":"https:\/\/rodeko.pl\/?page_id=642","og_site_name":"rodeko.pl","article_publisher":"https:\/\/www.facebook.com\/profile.php?id=100092443299246","twitter_card":"summary_large_image","twitter_misc":{"Est. reading time":"9 minutes"},"schema":{"@context":"https:\/\/schema.org","@graph":[{"@type":"WebPage","@id":"https:\/\/rodeko.pl\/?page_id=642","url":"https:\/\/rodeko.pl\/?page_id=642","name":"CENNIK - rodeko.pl","isPartOf":{"@id":"https:\/\/rodeko.pl\/#website"},"datePublished":"2023-04-28T22:01:23+00:00","breadcrumb":{"@id":"https:\/\/rodeko.pl\/?page_id=642#breadcrumb"},"inLanguage":"en-US","potentialAction":[{"@type":"ReadAction","target":["https:\/\/rodeko.pl\/?page_id=642"]}]},{"@type":"BreadcrumbList","@id":"https:\/\/rodeko.pl\/?page_id=642#breadcrumb","itemListElement":[{"@type":"ListItem","position":1,"name":"Strona g\u0142\u00f3wna","item":"https:\/\/rodeko.pl\/"},{"@type":"ListItem","position":2,"name":"CENNIK"}]},{"@type":"WebSite","@id":"https:\/\/rodeko.pl\/#website","url":"https:\/\/rodeko.pl\/","name":"rodeko.pl","description":"pompy ciep\u0142a I wyko\u0144czenia I remonty I hydraulika I elektryka I kurs krawiecki","publisher":{"@id":"https:\/\/rodeko.pl\/#organization"},"potentialAction":[{"@type":"SearchAction","target":{"@type":"EntryPoint","urlTemplate":"https:\/\/rodeko.pl\/?s={search_term_string}"},"query-input":{"@type":"PropertyValueSpecification","valueRequired":true,"valueName":"search_term_string"}}],"inLanguage":"en-US"},{"@type":"Organization","@id":"https:\/\/rodeko.pl\/#organization","name":"rodeko.pl","url":"https:\/\/rodeko.pl\/","logo":{"@type":"ImageObject","inLanguage":"en-US","@id":"https:\/\/rodeko.pl\/#\/schema\/logo\/image\/","url":"http:\/\/rodeko.pl\/wp-content\/uploads\/2023\/05\/IMG_20211229_223701_HDR-Copy.jpg","contentUrl":"http:\/\/rodeko.pl\/wp-content\/uploads\/2023\/05\/IMG_20211229_223701_HDR-Copy.jpg","width":1024,"height":768,"caption":"rodeko.pl"},"image":{"@id":"https:\/\/rodeko.pl\/#\/schema\/logo\/image\/"},"sameAs":["https:\/\/www.facebook.com\/profile.php?id=100092443299246"]}]}},"_links":{"self":[{"href":"https:\/\/rodeko.pl\/index.php?rest_route=\/wp\/v2\/pages\/642","targetHints":{"allow":["GET"]}}],"collection":[{"href":"https:\/\/rodeko.pl\/index.php?rest_route=\/wp\/v2\/pages"}],"about":[{"href":"https:\/\/rodeko.pl\/index.php?rest_route=\/wp\/v2\/types\/page"}],"author":[{"embeddable":true,"href":"https:\/\/rodeko.pl\/index.php?rest_route=\/wp\/v2\/users\/2"}],"replies":[{"embeddable":true,"href":"https:\/\/rodeko.pl\/index.php?rest_route=%2Fwp%2Fv2%2Fcomments&post=642"}],"version-history":[{"count":0,"href":"https:\/\/rodeko.pl\/index.php?rest_route=\/wp\/v2\/pages\/642\/revisions"}],"wp:attachment":[{"href":"https:\/\/rodeko.pl\/index.php?rest_route=%2Fwp%2Fv2%2Fmedia&parent=642"}],"curies":[{"name":"wp","href":"https:\/\/api.w.org\/{rel}","templated":true}]}}